{"id":60,"date":"2019-07-19T12:15:56","date_gmt":"2019-07-19T12:15:56","guid":{"rendered":"https:\/\/gemeinschaftleben.rocks\/?page_id=60"},"modified":"2020-09-08T17:54:30","modified_gmt":"2020-09-08T17:54:30","slug":"ueber-uns","status":"publish","type":"page","link":"https:\/\/gemeinschaftleben.rocks\/?page_id=60","title":{"rendered":"Wer sind wir:"},"content":{"rendered":"\n<h2 class=\"wp-block-heading\">Klaus Hoffmann<\/h2>\n\n\n\n<figure class=\"wp-block-image is-resized\"><img loading=\"lazy\" decoding=\"async\" src=\"https:\/\/gemeinschaftleben.rocks\/wp-content\/uploads\/2019\/08\/IMG_9511-150x150.jpg\" alt=\"\" class=\"wp-image-344\" width=\"155\" height=\"155\"\/><\/figure>\n\n\n\n<ul class=\"wp-block-list\"><li>Selbst\u00e4ndiger Maler und Lackierer Handwerksmeister seit 30      Jahren<\/li><li>Spezialisierung  auf Geb\u00e4udeverglasungen, zertifizierter Geb\u00e4udeenergieberater <\/li><li>Gesch\u00e4ftsf\u00fchrer, Haroma-Oil GmbH,  Produktion &amp; Handel von Duftartikeln -&nbsp; <a href=\"https:\/\/www.haroma.de\/\">https:\/\/www.haroma.de\/<\/a><\/li><li>2004 Bau einer selbstgenutzten&nbsp;Gewerbe- und Produktionshalle <\/li><li>2006 Umbau des eigenen genutzten Wohnhauses, Bauj.1954, in ein KFW 70 Haus<\/li><li>2014 Bau eines Zweifamilienhauses in Eigenregie<\/li><li>Interessen: Gemeinsame Aktivit\u00e4ten mit Familie und Freunden, Brettspiele, (Kenner- und Expertenspiele), Fitness, Garten, kreatives Heimwerken und Malen<\/li><\/ul>\n\n\n\n<h2 class=\"wp-block-heading\">Peter Gibbels<\/h2>\n\n\n<div id=\"pl-gb60-69e4e1d41a3b8\"  class=\"panel-layout\" ><div id=\"pg-gb60-69e4e1d41a3b8-0\"  class=\"panel-grid panel-no-style\" ><div id=\"pgc-gb60-69e4e1d41a3b8-0-0\"  class=\"panel-grid-cell\" ><\/div><\/div><\/div>\n\n\n<figure class=\"wp-block-image is-resized\"><img loading=\"lazy\" decoding=\"async\" src=\"https:\/\/gemeinschaftleben.rocks\/wp-content\/uploads\/2019\/07\/7200-Gibbels-Peter_BDatei-0451-1.jpg\" alt=\"\" class=\"wp-image-289\" width=\"159\" height=\"212\" srcset=\"https:\/\/gemeinschaftleben.rocks\/wp-content\/uploads\/2019\/07\/7200-Gibbels-Peter_BDatei-0451-1.jpg 425w, https:\/\/gemeinschaftleben.rocks\/wp-content\/uploads\/2019\/07\/7200-Gibbels-Peter_BDatei-0451-1-225x300.jpg 225w, https:\/\/gemeinschaftleben.rocks\/wp-content\/uploads\/2019\/07\/7200-Gibbels-Peter_BDatei-0451-1-202x270.jpg 202w\" sizes=\"auto, (max-width: 159px) 100vw, 159px\" \/><\/figure>\n\n\n\n<ul class=\"wp-block-list\"><li>Diplom Ingenieur Elektrotechnik\/Nachrichtentechnik und Fernmeldehandwerker<\/li><li>5 Jahre Praxis im Aufbau von Fernmeldeanlagen\/Elektroanlagen und Vermittlungstechnik bei der Deutschen Telekom<\/li><li>34 Jahre angestellter bei Hewlett Packard (HP) mit weltweiter Industrieerfahrung Softwareanwendungen, elektronische Messtechnik und IT Anlagen , davon 24 Jahre im Bereich HP\/SAP <\/li><li>Anerkannter Fachmann f\u00fcr IT Cloud Automation und Monitoring, Fachbuchautor, Mitglied in Industrie Standardisierungsgremien<\/li><li>Seit Februar 2019 Angestellter im Enterprise Integration Center am Campus der RWTH Aachen. Seit 1.3.2020 Leiter des Center Enterprise Resource Planning das sich mit integrierten Business Applikationen besch\u00e4ftigt. <\/li><li>Praktische Erfahrung in allen Bauphasen von Einfamilienh\u00e4usern seit 30 Jahren<\/li><li>Hobbies: Familie und Freunde, Gitarre spielen und Gitarrenbau, Modellflug und Bau, Sport und Elektronik\/Software<\/li><\/ul>\n\n\n\n<h2 class=\"wp-block-heading\">Oliver Grimm<\/h2>\n\n\n\n<figure class=\"wp-block-image size-large is-resized\"><img loading=\"lazy\" decoding=\"async\" src=\"https:\/\/gemeinschaftleben.rocks\/wp-content\/uploads\/2020\/09\/Ich2.jpg\" alt=\"\" class=\"wp-image-715\" width=\"170\" height=\"201\" srcset=\"https:\/\/gemeinschaftleben.rocks\/wp-content\/uploads\/2020\/09\/Ich2.jpg 450w, https:\/\/gemeinschaftleben.rocks\/wp-content\/uploads\/2020\/09\/Ich2-254x300.jpg 254w, https:\/\/gemeinschaftleben.rocks\/wp-content\/uploads\/2020\/09\/Ich2-228x270.jpg 228w\" sizes=\"auto, (max-width: 170px) 100vw, 170px\" \/><\/figure>\n\n\n\n<ul class=\"wp-block-list\"><li>Seit mehr als 20 Jahren Bankangestellter in der IT einer Gro\u00dfbank; seit 2017 in leitender Funktion<\/li><li>20 Jahre Praxis mit Enterprise Systemen im Banken- und Handelsumfeld (Enterprise UNIX\/Linux (Solaris, RedHat, SuSe), Enterprise Storage (EMC), Netzwerk, Enterprise Virtualisierung (vSphere), Hochverf\u00fcgbarkeitsl\u00f6sungen (Veritas\/Infoscale, vSphere HA) und Disaster Management)<\/li><li>Aktuell in Arbeit: Komplettsanierung Terrasse inkl. \u00dcberdachung<\/li><li>2020 - Ausbau der selbst genutzten Immobilie mit PV-Anlage inkl. Energiespeicher; Umstellung des Warmwasser auf W\u00e4rmepumpe und Austausch der Heizungsanlage gegen eine moderne Gasheizung<\/li><li>2018 - Sanierung selbstgenutzter Immobilie von Wohnzimmer, K\u00fcche &amp; Eingangsbereich inkl. ma\u00dfangefertigter K\u00fcche und ma\u00dfangefertiger Wohnzimmerm\u00f6belierung.<\/li><li>2012 - Umbau eines Lagerkellerraums in ein multifunktionales Heimkino \/Medienzimmer.<\/li><li>Hobbies: Familie, Brettspiele (von Familienspiel bis CoSim), Fahrrad, Kinofilme und alles was \"digital\" ist; Linux-Freak &amp; Mac-User \ud83d\ude42<\/li><\/ul>\n\n\n\n<p><\/p>\n","protected":false},"excerpt":{"rendered":"<p>Klaus Hoffmann Selbst\u00e4ndiger Maler und Lackierer Handwerksmeister seit 30 Jahren Spezialisierung auf Geb\u00e4udeverglasungen, zertifizierter Geb\u00e4udeenergieberater Gesch\u00e4ftsf\u00fchrer, Haroma-Oil GmbH, Produktion &amp; Handel von Duftartikeln &#8211;&nbsp; https:\/\/www.haroma.de\/ 2004 Bau einer selbstgenutzten&nbsp;Gewerbe- und Produktionshalle 2006 Umbau des eigenen genutzten Wohnhauses, Bauj.1954, in ein KFW 70 Haus 2014 Bau eines Zweifamilienhauses in Eigenregie Interessen: Gemeinsame Aktivit\u00e4ten mit Familie und Freunden, Brettspiele, (Kenner- und Expertenspiele), Fitness, Garten, kreatives Heimwerken und Malen Peter Gibbels Diplom Ingenieur Elektrotechnik\/Nachrichtentechnik und Fernmeldehandwerker 5 Jahre Praxis im Aufbau von Fernmeldeanlagen\/Elektroanlagen&#8230;<\/p>\n<p class=\"read-more\"><a class=\"btn btn-default\" href=\"https:\/\/gemeinschaftleben.rocks\/?page_id=60\">Weiterlesen<span class=\"screen-reader-text\"> Weiterlesen<\/span><\/a><\/p>\n","protected":false},"author":2,"featured_media":0,"parent":0,"menu_order":0,"comment_status":"closed","ping_status":"closed","template":"","meta":{"footnotes":""},"class_list":["post-60","page","type-page","status-publish","hentry"],"_links":{"self":[{"href":"https:\/\/gemeinschaftleben.rocks\/index.php?rest_route=\/wp\/v2\/pages\/60","targetHints":{"allow":["GET"]}}],"collection":[{"href":"https:\/\/gemeinschaftleben.rocks\/index.php?rest_route=\/wp\/v2\/pages"}],"about":[{"href":"https:\/\/gemeinschaftleben.rocks\/index.php?rest_route=\/wp\/v2\/types\/page"}],"author":[{"embeddable":true,"href":"https:\/\/gemeinschaftleben.rocks\/index.php?rest_route=\/wp\/v2\/users\/2"}],"replies":[{"embeddable":true,"href":"https:\/\/gemeinschaftleben.rocks\/index.php?rest_route=%2Fwp%2Fv2%2Fcomments&post=60"}],"version-history":[{"count":29,"href":"https:\/\/gemeinschaftleben.rocks\/index.php?rest_route=\/wp\/v2\/pages\/60\/revisions"}],"predecessor-version":[{"id":718,"href":"https:\/\/gemeinschaftleben.rocks\/index.php?rest_route=\/wp\/v2\/pages\/60\/revisions\/718"}],"wp:attachment":[{"href":"https:\/\/gemeinschaftleben.rocks\/index.php?rest_route=%2Fwp%2Fv2%2Fmedia&parent=60"}],"curies":[{"name":"wp","href":"https:\/\/api.w.org\/{rel}","templated":true}]}}