{"id":59,"date":"2019-07-19T12:15:56","date_gmt":"2019-07-19T12:15:56","guid":{"rendered":"https:\/\/gemeinschaftleben.rocks\/?page_id=59"},"modified":"2020-07-01T18:38:43","modified_gmt":"2020-07-01T18:38:43","slug":"wie-alles-begann","status":"publish","type":"page","link":"https:\/\/gemeinschaftleben.rocks\/?page_id=59","title":{"rendered":"Die Idee, geschrieben von Klaus"},"content":{"rendered":"\n<p class=\"has-text-align-left\">Als Handwerker bin ich permanent in meiner Heimatregion unterwegs. Zu meinen Kunden z\u00e4hle ich ein breites Spektrum an Menschen. Auffallend f\u00fcr mich ist, wie viele Single Haushalte ich in meiner T\u00e4tigkeit als Glasveredler &amp; Malermeister besuche. Vielfach Menschen im Rentenalter. Nun ja, soweit bin ich von dieser Lebensphase auch nicht mehr entfernt. Das inspirierte mich auch mal \u00fcber mein Leben nach der Arbeitsphase nachzudenken.\u00a0Der Gedanke einer Wohngemeinschaft war geboren \u2013 Einige Monate besch\u00e4ftigte ich mich aus verschiedensten Blickwinkeln mit dieser Thematik. Bei einem gem\u00fctlichen Treffen auf ein Glas Bier auf dem Marktplatz in Eschweiler, berichtete ich Peter, am Rande, von meiner Idee. Er fand die Idee interessant. Nur wenige Wochen sp\u00e4ter kam Peter \u00a0wieder auf das Thema zu sprechen, mit der Absichtserkl\u00e4rung, eine Wohneinheit f\u00fcr sich ein zu planen und mir bei der Umsetzung des Projektes zu Helfen. Das Kind bekam einen Arbeitstitel: \u201eProjekt 2020+\u201c, und wir nutzten Mindmaps um unsere Ideen zu b\u00fcndeln. In unserer Mind-Map ist u.v.a.\u00a0 auch der Punkt, Online Auftritt enthalten. \u00a0<br>Das Resultat seht ihr nun hier auf unserer neuen Projekt 2020+ \u201eGemeinschaft Leben\u201c Webseite. \u00a0<br>\u00a0<br> <\/p>\n\n\n\n<p>Hier ein Einblick in unsere Gedankeng\u00e4nge. <br>Wir sehen eine \u201eMehrgenerationen Interessen Gemeinschaft\u201c.          Separate Wohneinheiten, Tiny H\u00e4user u.a. f\u00fcr Wochenendbesucher, (Spielwochenenden). Gemeinschaftlich nutzbare Einheiten: Gruppenraum mit K\u00fcchenzeile, Werkstatt und Bastel-Atelier, Waschraum, Fitnesseinrichtung und Multimedia, Nutz- und Freizeitgartenanlage, E.-Bike, Roller, (Car?), Kleintierhaltung, und......<br><br>\u00dcber uns und unsere bevorzugten Interessensgebiete: <\/p>\n\n\n\n<p>Peter f\u00e4hrt Motorrad und spielt Gitarre. Einige Gitarren in seinem Sortiment sind selbst gebaut. Musizieren und Modellbau verschiedenster Art w\u00fcrden ihm gut gefallen. Des Weiteren findet man ihn bei SmartHome\/Technik Themen, im Garten und beim Fitnesssport.<br><br><\/p>\n\n\n\n<p>Ich selbst bin Brettspieler, (f\u00fcr Nichtspieler, kein Monopoly, Mensch \u00e4rgere dich nicht oder Schach) vorwiegend Kenner- und Expertenspiele. (Terraforming Mars, Underwater City, Teotihuacan etc.)           Selbversorgung mit Gem\u00fcse und Obst und deren Verarbeitung, wie kochen und  Brot backen stehen auf meinem w\u00f6chentlichen Plan.                      Malen, Basteln und Gestalten, sowie mehrmals w\u00f6chtliche sportliche Einheiten wie: Tennis, Joggen, Walken Kraftsport, runden meine Aktivit\u00e4ten ab.<\/p>\n\n\n\n<p><\/p>\n\n\n\n<p><\/p>\n\n\n\n<p>In dieser Wohnform haben wir alle M\u00f6glichkeiten der gegenseitigen Unterst\u00fctzung im Alltag, Teilen und Nutzung von gemeinsamen Einrichtungen, Sozialdiensten, Fahrdiensten und KnowHow. <\/p>\n\n\n<p><!--EndFragment--><\/p>","protected":false},"excerpt":{"rendered":"<p>Als Handwerker bin ich permanent in meiner Heimatregion unterwegs. Zu meinen Kunden z\u00e4hle ich ein breites Spektrum an Menschen. Auffallend f\u00fcr mich ist, wie viele Single Haushalte ich in meiner T\u00e4tigkeit als Glasveredler &amp; Malermeister besuche. Vielfach Menschen im Rentenalter. Nun ja, soweit bin ich von dieser Lebensphase auch nicht mehr entfernt. Das inspirierte mich auch mal \u00fcber mein Leben nach der Arbeitsphase nachzudenken.\u00a0Der Gedanke einer Wohngemeinschaft war geboren \u2013 Einige Monate besch\u00e4ftigte ich mich aus verschiedensten Blickwinkeln mit dieser&#8230;<\/p>\n<p class=\"read-more\"><a class=\"btn btn-default\" href=\"https:\/\/gemeinschaftleben.rocks\/?page_id=59\">Weiterlesen<span class=\"screen-reader-text\"> Weiterlesen<\/span><\/a><\/p>\n","protected":false},"author":2,"featured_media":0,"parent":0,"menu_order":0,"comment_status":"closed","ping_status":"closed","template":"","meta":{"footnotes":""},"class_list":["post-59","page","type-page","status-publish","hentry"],"_links":{"self":[{"href":"https:\/\/gemeinschaftleben.rocks\/index.php?rest_route=\/wp\/v2\/pages\/59","targetHints":{"allow":["GET"]}}],"collection":[{"href":"https:\/\/gemeinschaftleben.rocks\/index.php?rest_route=\/wp\/v2\/pages"}],"about":[{"href":"https:\/\/gemeinschaftleben.rocks\/index.php?rest_route=\/wp\/v2\/types\/page"}],"author":[{"embeddable":true,"href":"https:\/\/gemeinschaftleben.rocks\/index.php?rest_route=\/wp\/v2\/users\/2"}],"replies":[{"embeddable":true,"href":"https:\/\/gemeinschaftleben.rocks\/index.php?rest_route=%2Fwp%2Fv2%2Fcomments&post=59"}],"version-history":[{"count":31,"href":"https:\/\/gemeinschaftleben.rocks\/index.php?rest_route=\/wp\/v2\/pages\/59\/revisions"}],"predecessor-version":[{"id":685,"href":"https:\/\/gemeinschaftleben.rocks\/index.php?rest_route=\/wp\/v2\/pages\/59\/revisions\/685"}],"wp:attachment":[{"href":"https:\/\/gemeinschaftleben.rocks\/index.php?rest_route=%2Fwp%2Fv2%2Fmedia&parent=59"}],"curies":[{"name":"wp","href":"https:\/\/api.w.org\/{rel}","templated":true}]}}